38 - 445) + (-1 - -2 - -5 - -1)?
0
Evaluate 4 - (0 - -11) - -13.
6
-10 + (-4 - (10 - 17 - 0)) - 23
-30
What is the value of -10 - 3 - (6 - (-10 - -27))?
-2
-3 + -2 + -3 + -2 + 12 + -19
-17
Calculate 2 + 12 + 12 + -9 + 4 + -5.
16
What is the value of -234 - -220 - (1 + -10)?
-5
Evaluate 7 + -30 + 21 + 22.
20
-27 + (-11 - -11) + (7 - -1)
-19
Evaluate (5 - (-8 + 8)) + -4.
1
What is the value of (-36 - (-2 - 26)) + -2?
-10
2 + (20 - (-10 - -21) - (45 + -2))
-32
What is the value of 10 - (-2 - -15 - -6)?
-9
What is -15 + 1 + 5 + 10?
1
What is the value of -5 + -1 + -112 + 132?
14
Calculate 41 + (-34 - -10) + 1.
18
What is the value of (3 - 1 - 10) + (67 - 22) + -17?
20
What is -1 - -1 - 1 - (-36 - (-125 + 59))?
-31
-1 + -2 + (90 - 77) - -9 - 1
18
What is the value of (0 - -18) + (6 - 0) + -6 - 7?
11
7 + (-12 - -2 - -1)
-2
Calculate -9 - (-62 - -26 - -21).
6
(2 + 0 - -1) + (62 - 80)
-15
(-42 + 16 - -4) + -14
-36
253 + -247 + (-2 - 2) + 21
23
Calculate -13 + -9 + (22 - -5).
5
Calculate (-21 - (10 + -42)) + 6.
17
What is the value of -22 + (10 - (-7 + 4) - (24 - 18))?
-15
Evaluate 7 + (4 - 16) + 9.
4
What is 15 + (-47 - -20 - (-20 + 1))?
7
23 - (-3 + (6 - -8))
12
Evaluate 2 + 2 - (2 + (0 - -3)) - 0.
-1
Calculate 6 + (4 + 7 - (-9 + 14)).
12
Evaluate -2 - 1 - (-176 - -174).
-1
-14 - (39 - (85 + -12))
20
Calculate -59 + (13 - -17) + 46.
17
What is 14 + -4 + -18 - -12?
4
What is the value of (5 - (12 + -1)) + (-1 - -3) - -14?
10
What is the value of -3 + 32 + -103 + 86?
12
What is the value of 20 + (-10 - (-6 - (6 - 6))) + -3?
13
What is the value of -17 + 0 - 0 - (8339 - 8327)?
-29
What is the value of 0 + (107 + -98 - (-2 + 1))?
10
117 - 120 - (1 - 0)
-4
18 - (-15 + (9 - -11))
13
What is 13 + (-4 - (4 + -9 + 7 + -10))?
17
What is -7 + -17 + (-1 - -37)?
12
Calculate (-3 - 2) + (-5 - (9 - 8)).
-11
Calculate 1 - (15 + -8 + 0).
-6
Evaluate 3 - (16 - 22) - (24 - 0).
-15
Calculate 6 - (5 + (6 - 11)) - -11.
17
What is the value of 14 - (23 - (21 + -9))?
3
What is the value of 11 + (-14 + 1 - -7) + -21?
-16
What is the value of 46 + -64 + 22 + 2?
6
-3 - (3 + 0 + (-3 - 6) + 7)
-4
Calculate 20 + (-3 - 29) - -11.
-1
Evaluate 0 + -51 + 241 + -211.
-21
-5 + (-7 - 9) + 11
-10
What is the value of -3 + 19 + -10 - (0 + 25)?
-19
What is -11 - (-12 - (8 + -3))?
6
Evaluate (-36 - (-4 - 4)) + 18.
-10
(-3 - -8 - -13) + (-9 - -6)
15
(-6 - -2) + -2 + 9 + -7 + 18
14
What is the value of -1 - (-4 - 0) - (-841 + 856)?
-12
22 + -14 + 4 + 3
15
Calculate 3 + -5 + (167 - 162).
3
What is the value of -39 + 45 + (-7 + 4 - -26)?
29
Evaluate 192 - 194 - (1 + 2 - 14).
9
22 + (-6 - -1) - 17
0
Calculate 3 + -1 + 4 - (20 + -8) - 10.
-16
What is -6 + 1 + 7 + -13?
-11
Calculate (3 - (7 + 6)) + 9 - -3.
2
What is (3 - (-2 + 1)) + (-9 - (-19 - 1))?
15
What is (-27 - (-47 - -2)) + -33?
-15
1067 + -1071 - (-14 + 1 + -1)
10
What is (32 - 28) + (-1 - -1) + -6 + 6?
4
Calculate -16 + (-1 - -7) + -5 + -1.
-16
0 + -11 + 15 - 31
-27
What is -12 + -11 + 5 - -8?
-10
What is 13 - (-7 - (6 + -10 + 3))?
19
Evaluate 1 + 15 + -185 + 194.
25
Calculate (2 - 28) + -216 + 252.
10
What is -1 - -6 - (8 - 0)?
-3
What is (-3 - 0) + (-3 + -1 - (-3 + 5))?
-9
What is -15 - -1 - ((-22 - 30) + 22)?
16
3 + -15 + (-7 + 12 - 13 - -7)
-13
(-364 - -346 - (-1 + -51)) + -15
19
What is the value of -17 - (6 - (23 + -9))?
-9
What is the value of (-2 - -6) + -12 + -5?
-13
Evaluate -15 + (24 - 15) - -13.
7
What is the value of -2 - (-7 - -2) - (5 + 0 + 6)?
-8
-1 + -2 + -2 + -33 + 39
1
What is 13 + (-8 - 2) + -1 - (32 + 1)?
-31
-19 - -1 - (896 - 915)
1
Calculate -17 + -2 - -9 - 0.
-10
Calculate -3 - 7 - (0 + 1 + (-8 - -5)).
-8
Calculate 8 - (23 + -21 + 0 + 5).
1
Calculate 2 - (7 + -3 + 2) - -12.
8
What is 70 - ((41 - 60) + 48)?
41
What is the value of 5 - (13 + -11 + 4)?
-1
What is 16 + (7 - 26 - 5)?
-8
Evaluate -27 + 27 + 14 + -3.
11
What is -1 - -22 - ((-20 - (3 + -8)) + 13)?
23
Evaluate -1 - (-9 + (5 - 5 - 8 - -4)).
12
What is -3 - (8 - (2 + 1) - (1 - 1))?
-8
8 - (-3 - -31 - 15)
-5
Evaluate (3 - 0) + 14 + (6 - 9) + -8.
6
Evaluate -2 + -1 + 60 + -143 + 50.
-36
What is the value of -3 + -9 - (-4 + 4)?
-12
(-5 - (-2 - -2)) + (145 - 130) + 10
20
What is the value of 125 + -133 - (-4 + -3 + 18)?
-19
What is 4 + 0 + -1 - (49 - 39)?
-7
What is 14 + 0 - (1 + (-11 - -17 - 8))?
15
1 + (1 - 11) + 725 + -704
12
Calculate -6 - (-3 - -2) - (-23 - -16).
2
What is the value of (11 - (3 - -11)) + (-21 - -27)?
3
What is 1 - -11 - (-5 + 1 - -26)?
-10
What is the value of (-83 - -65) + (2 - -31)?
15
(-1 - (7 + -2)) + -1 + 0 - -4
-3
What is the value of (5 - 25) + -7 - -23?
-4
What is the value of 19 + -6 + (-9 - -1) + (3 - 18)?
-10
What is the value of (-16 - -3) + (-2 - (3 + -2) - -8)?
-8
Calculate -43 + -3 + (5 - (-10 + -6 - -12)).
-37
What is 11 - 20 - -10 - 4?
-3
Evaluate 1 - ((0 - -3) + (29 - 24) - 4).
-3
Calculate (-10 - 0) + 5 - -6 - (-3 + 20).
-16
What is the value of 18 - (-8 + 14 + -9 - -4 - 10)?
27
Evaluate -14 + (-26 - -21) - -5.
-14
Calculate 1 + 3 + 0 + 0.
4
Calculate -9 + 43 + -45 + 9.
-2
What is -24 + (-1 - 5 - -13)?
-17
What is -11 + 0 + 3 + 1 + 3?
-4
What is the value of 7 + (-9 - -11) + -22 + 2 + 4?
-7
What is the value of -15 - (-3 + -1) - (6 - 10)?
-7
Evaluate -52 + 34 + -17 - -43.
8
Calculate (36 - 33) + 1 + (-15 - -1) + 6.
-4
Evaluate (-5 + 3 - -40) + -64.
-26
Evaluate 0 + 1 - (-21 + 15 + 3).
4
What is the value of 34 - (50 + (-7 - 5))?
-4
What is the value of (-2 - -19) + (-19 - 2)?
-4
Calculate -10 + -7 + -16 + 19.
-14
Evaluate -4 + 12 - -20 - (1 - -13).
14
What is (45 + -8 - 20 - 0) + -14?
3
Calculate (-6 - (-19 + 6)) + -9.
-2
Calculate 32 + (-1 - -1) - (-259 - -271).
20
(-1 + 2 - (9 - 2)) + 5 - 2
-3
What is the value of 23 + -49 - (5 + (-6 - -2) - 5)?
-22
Calculate (12 - (-4 - -18)) + -1 + -22.
-25
What is -18 + 9 + -14 + 21?
-2
Evaluate -17 - (-2 - -1) - (-304 + 299).
-11
Evaluate (-3 + (-2 + 6 - 2) - -3) + 8.
10
7 + 2 + (-4 - -6) - (-353 + 339)
25
Evaluate -3 + 16 + (-24 - 4) + 17.
2
Evaluate 7 - (16 - (3 + 1)).
-5
-22 - (4 + -1 + -4) - (22 - 27)
-16
Evaluate 6 + -2 + (-3 - (5 - -9)).
-13
-9 + 5 - -10 - (-3 - -6)
3
Evaluate -3 + 4 + (10 - 3) + -10.
-2
What is the value of -11 + (13 - (6 - 15))?
11
What is the value of 3 - ((11 - 1) + -4) - (6 - 2)?
-7
Evaluate -73 - -73 - (4 + -10 + 5 + -2).
3
Calculate 6 + 27 + -16 + -18.
-1
Calculate -1 - (19 + -18 + -2 + -4 - -13).
-9
Calculate -6 + -18 + -8 - -10.
-22
What is 6 + ((56 - 57) + (0 - 19) - -7)?
-7
Calculate -14 + (-254 - -249 - (1 - 4)).
-16
-8 + (-10 - (2 + -1))
-19
1 + 4 - ((2 - 1) + (40 - 19))
-17
What is the value of 2 - -1 - (-14 + 1 + -52 + 48)?
20
(3 - (-6 - -2) - 45) + 4
-34
What is -10 - (-5 - 7 - 2)?
4
Calculate (-3 + -4 + 0 - 3) + 4.
-6
-8 - (-19 - (-2 - 20))
-11
What is the value of 5 + -1 - (-10 + (7 - (7 + -3)))?
11
Evaluate -20 + (22 - -7) + -1 + 2 + -24.
-14
-5 - (-13 + (8 + -2 - (-9 - -17)))
10
Evaluate 22 + (2 - (26 - 14)).
12
24 - (7 - (9 + -9))
17
Calculate (12 + -9 - 4) + -9 - -42.
32
What is -2 - -1 - (-392 + 399)?
-8
What is the value of (-42 - -67) + -32 - (-5 - 1)?
-1
(-2 - -29 - 14) + -8
5
What is the value of -5 - (10 + -4) - -8?
-3
Evaluate 20 + (15 - 35) - -9.
9
Evaluate -30 + 12 + 9 + 15.
6
Evaluate -9 - 16 - (66 + -115).
24
What is -11 + 23 + -6 + 4 + -7?
3
What is (0 - 44) + -208 + 246?
-6
What is 9 + -5 + (-10 - -11)?
5
What is the value of 354 + -336 - (6 + 0)?
12
Calculate -1 + -14 - (39 + -22 + -23).
-9
Calculate (60 - (20 - -39)) + (-1 - 2 - -6).
4
What is the value of 4 + 0 - (-26 - -37 - 5)?
-2
What is the value of -9 + 5 - 9 - (6 + -33)?
14
30 + (3 - (-1 - -6)) + -8
20
Calculate 6 + (2 - -8) + (-4 - 3).
9
Calculate 846 + -874 + (-1 + 4 - 2).
-27
Calculate 9 - 33 - (-9 + -1 - -14).
-28
1 + 1 + -2 + 4
4
What is -12 + (-13 - (-22 - 0)) - (-1 - 22)?
20
Calculate 0 + 24 + (-6 - -23) + -21.
20
What is -4 - -17 - (45 - 21) - -25?
14
24 + (-27 - -5) + (4 - 1)
5
(14 - (-3 + 7)) + -6 + 9
13
Calculate 0 - (6 + -18 + 5 - -6).
1
What is the value of (18 - -5) + (9 - 19) + 13?
26
Evaluate (-10 - (6 + -2 + -1)) + 4.
-9
Evaluate 9 + 1 + (0 - -3).
13
Evaluate -2 + 5 + (10 - (8 + -3)).
8
What is -9 + 5 + -2 + 33 + (0 - 7)?
20
Calculate -17 - -19 - (-8 - (-15 + 0)).
-5
What is 5 - 8 - (3 - -8)?
-14
What is 10 - (-2 - -14) - 11?
-13
What is the val